116 - 40. Let d = 37 + p. What is the greatest common factor of 9 and d?
9
Suppose -2*j + 6 = 0, -4*z - 4*j = -2*z - 36. Suppose -9*a + 72 = -6*a. What is the highest common factor of z and a?
12
Let r = 0 - -1. Suppose 5*s = 9*s - 8. What is the greatest common factor of r and s?
1
Let t(f) = -8*f. Let c be t(-3). Suppose -m - 4*b = 11 + 12, -5*m - 160 = 5*b. Let n = m - -71. Calculate the greatest common factor of n and c.
12
Let x(n) = 6*n - 3. Let f(l) = 5*l - 2. Let z(u) = 7*f(u) - 6*x(u). Let b be z(2). What is the highest common factor of b and 8?
2
Suppose 2*g - 557 = -3*r, -2*r + 4*r - 4*g = 398. Calculate the highest common divisor of r and 21.
21
Let o(l) = 3*l**3 - 4*l**2 + 6*l - 13. Let n be o(3). What is the highest common factor of 10 and n?
10
Let n be (-1)/3 - 14/(-6). Calculate the highest common factor of n and 14.
2
Suppose 12 - 2 = 5*y. Suppose y*d + 6 = -d, v - 12 = 3*d. Calculate the highest common factor of v and 24.
6
Suppose -2*s - 90 = -2*z, 2*z - z = 3*s + 143. Let w = -23 - s. Calculate the greatest common divisor of w and 65.
13
Let m be (1 + 2)*(-2)/(-3). What is the greatest common divisor of 22 and m?
2
Let a(b) = -b**3 - b**2 - b + 6. Let l be a(0). Let j be (-3)/(l/4)*-2. Let d = 0 + j. What is the highest common divisor of 28 and d?
4
Suppose 5*p - 80 = 3*p. Let r(d) = d**2 + 5*d - 6. Let k be r(-7). Calculate the highest common factor of p and k.
8
Let t be (-2)/4 - 110/(-4). Let j be 2 - (-1 + (3 - 18)). What is the greatest common divisor of j and t?
9
Let x = 0 + 5. Calculate the greatest common factor of 35 and x.
5
Let o be (-3)/(-2)*(-2)/(-3). Let j(m) = 28*m. Let h be j(o). What is the greatest common divisor of 7 and h?
7
Let g = 11 + -1. Let n(u) = u**2 + u + 7. Let m be n(g). What is the highest common divisor of m and 13?
13
Let b(y) = -22*y + 2. Let m be b(-5). Let z = 37 + 11. Suppose 3*q = 6*q - z. Calculate the greatest common factor of q and m.
16
Suppose 6*u - u - 25 = 0. Suppose -x - w = 2*x + 49, 0 = -x - u*w + 7. Let m be 33/(-4)*48/x. What is the greatest common divisor of 11 and m?
11
Suppose 0*q - b - 96 = -4*q, -24 = -q + 4*b. What is the greatest common divisor of 8 and q?
8
Suppose 6 = 10*y - 7*y. Calculate the highest common divisor of 1 and y.
1
Let p(k) = k**2 + k - 2. Let v be p(0). Let c be (v/3)/(7/(-21)). Calculate the highest common factor of 5 and c.
1
Suppose 200 = 3*d - 820. What is the highest common factor of 20 and d?
20
Suppose u - 7 = 25. Let t(o) = o + 4*o**2 - 4 + 5 - o**2 - o**3. Let z be t(3). Calculate the highest common divisor of u and z.
4
Suppose 0 = 2*u + 3*o + 1, -u + 2*o = -0*o - 10. Suppose 0 = -3*f + 70 + 26. What is the greatest common divisor of f and u?
4
Suppose -18*n = -14*n - 364. Let s = 22 + -10. Suppose s = 3*y - 27. Calculate the highest common factor of y and n.
13
Suppose 0*b + 4*b = -20. Let q(f) be the second derivative of -f**3/2 - 7*f**2/2 - 3*f. Let u be q(b). Calculate the highest common factor of u and 8.
8
Let h be -2 - (1 - (3 - -16)). What is the greatest common factor of h and 4?
4
Let h be 1508/14 + (-8)/(-28). Let v = -8 - -20. Calculate the highest common factor of h and v.
12
Suppose -d + 6 = -60. What is the greatest common factor of d and 44?
22
Let b = -8 + 5. Let h = -2 - b. Let l be (-1 + 23)*h/2. Calculate the highest common factor of 55 and l.
11
Let o = 13 - 8. Let b = o + 8. Calculate the highest common factor of b and 52.
13
Let c(y) = -y**2 + y - 272. Let n be c(0). Let z = n - -448. Let v be 1*15 - (-3 + 2). Calculate the highest common factor of v and z.
16
Suppose x = 4*f - 5, -2*f + x = -3*x + 8. Suppose f - 1 = -r. Let o be (-5 - -4)/(r/7). Calculate the highest common factor of 63 and o.
7
Let o = -16 - -64. Let t(a) = 4*a**2 + a - 2. Let i be t(2). What is the greatest common divisor of i and o?
16
Suppose 59 = 6*y - 49. Calculate the greatest common factor of 72 and y.
18
Suppose -23 = -5*q + 3*v, 4*q - 2*v - 12 = 6. Let n(h) = 8*h**3 - h**2 + 1. Let y be n(1). What is the highest common divisor of y and q?
4
Suppose -2*x - 7 = 3, 3*x = -n - 28. Let o = 18 + n. Suppose -o*t + k - 3*k = -271, 155 = 3*t + 5*k. What is the highest common divisor of 11 and t?
11
Let u(q) = q**2 - 8*q + 9. Let o be u(7). Suppose o*b + 64 = 3*f + 8, f - 12 = 4*b. What is the highest common divisor of 4 and f?
4
Suppose 4*l + 3*d - 31 = 0, 3 + 35 = 5*l + 4*d. Let p(y) = -y**3 + 6*y**2 - 2*y. Let i be p(5). What is the highest common divisor of l and i?
5
Suppose 2*p = -3*r - 31, -3*p + 4*p - 7 = r. Let b = -5 - r. What is the greatest common factor of 12 and b?
4
Let n(u) = -u**2 - 7*u - 6. Let m be n(-3). What is the highest common factor of 6 and m?
6
Suppose 193 = 4*i - 5*d, 2*i - 3*d = -6*d + 113. What is the highest common factor of 13 and i?
13
Suppose -p + j + 3 = 0, 3*p - 7*j + 2*j = 7. Calculate the highest common factor of 36 and p.
4
Let x be 0 - (-1 + 9/(-3) + 2). What is the highest common factor of x and 30?
2
Let a(h) = 0*h + 5*h + 32 - 4*h. Let b be (-4 - -5)*(1 + -1). Let w be a(b). What is the greatest common factor of 8 and w?
8
Let x = -3 + 1. Let c be (x/(-2))/((-2)/(-72)). Calculate the greatest common divisor of c and 9.
9
Let j(q) = -15*q**3 - 2*q**2 - q + 2. Let c be j(-2). Let x be 1/3 - c/(-12). Let y(a) = -5*a. Let n be y(-2). What is the highest common factor of n and x?
10
Let a = -6 + 11. Suppose a*i + w + w = 554, -115 = -i + w. What is the highest common divisor of 16 and i?
16
Suppose 137 = 2*p - 4*y + y, -3*p = 5*y - 215. Let v be 12*(2 - 6)/(-8). Suppose -78 - v = -3*b. What is the highest common divisor of p and b?
14
Let g(u) = 30*u**2 - 2*u + 1. Let q be g(1). Suppose -q = -l + 61. Calculate the highest common divisor of l and 36.
18
Let y(i) = i - 3*i + i. Let n be y(6). Let b be 2*3/n*-10. What is the highest common factor of b and 2?
2
Let q = -5 + 8. Calculate the highest common divisor of 3 and q.
3
Let l(t) = 2*t**3 - 4*t**2 + 3*t + 1. Let b be l(2). What is the greatest common factor of b and 63?
7
Suppose 5*y + 334 - 454 = 0. Suppose -4*k + 89 = -151. Calculate the greatest common factor of k and y.
12
Suppose 3*c + 80 = 8*c. Calculate the greatest common factor of c and 24.
8
Let m be (1 - -2) + -1 - -2. Let q = 15 - 7. Calculate the greatest common divisor of m and q.
4
Let p(c) = c**3 - 4*c**2 + 2. Let j be p(4). Let m be (-4 - -22) + -2 + j. Let z be (-8)/20 + 274/10. Calculate the highest common divisor of z and m.
9
Let h be (22/(-6))/((-3)/126). Let g = -16 - -22. Let s be (g/4)/(6/56). What is the highest common divisor of h and s?
14
Let w(h) = h**3 - 3*h**2 + 2*h + 2. Let p be w(2). Let y(d) = -8 + d**p + d**2 + d - d + 6*d. Let f be y(-6). Calculate the highest common factor of 4 and f.
4
Let r = -26 - -45. Suppose h - r = -2*u, -4*h - u + 68 = 3*u. Let d be 15/(-9)*(-4)/(12/9). What is the greatest common factor of d and h?
5
Suppose -s + 3 = -0*s, 0 = r - s. Suppose 3*z - r*t = 12, 3*z = z + 5*t - 4. Calculate the greatest common factor of 56 and z.
8
Let o be (-68)/(-6) + (-2)/6. What is the highest common factor of 22 and o?
11
Suppose 2*m = 5*t - 66, t + 5*m - 24 = -0*m. What is the highest common factor of 14 and t?
14
Suppose 0 = -9*y - 79 + 223. Let a be 6/15 - 3/(-5). Let f = 23 + a. What is the greatest common factor of y and f?
8
Let b(d) = -d**2 - 7*d - 4. Let f be b(-6). Let g be 0/(1/f*4). Suppose g = j + 137 - 412. Calculate the highest common factor of j and 25.
25
Let y = -33 - -36. Calculate the highest common factor of y and 2.
1
Let p = -138 + 151. What is the greatest common factor of p and 13?
13
Suppose r - 5*c = -6, 2*r - 17 - 6 = 3*c. What is the highest common divisor of 95 and r?
19
Suppose h + 3 - 6 = 0. Suppose -h*j = j + 64. Let o = 11 - j. What is the greatest common divisor of 189 and o?
27
Let d be 516/16 - (-1)/(-4). Let c = d + -23. Calculate the greatest common divisor of 1 and c.
1
Let s be (1/2)/((-2)/(-12)). Let i(t) = t - 8. Let b(q) = -9. Let r(h) = s*i(h) - 2*b(h). Let p be r(6). What is the highest common factor of 8 and p?
4
Suppose 7*a = 4*a + 42. What is the highest common factor of 7 and a?
7
Let r = -145 - -223. Suppose -3 = 3*c - 0, 2*c + 2 = v. Suppose 3*x = -v*x + r. Calculate the highest common factor of 65 and x.
13
